ided by 34?
10
What is the remainder when 3681 is divided by 194?
189
Calculate the remainder when 2239 is divided by 83.
81
Calculate the remainder when 194 is divided by 50.
44
What is the remainder when 8807 is divided by 2933?
8
What is the remainder when 57 is divided by 16?
9
What is the remainder when 54 is divided by 46?
8
Calculate the remainder when 344 is divided by 71.
60
Calculate the remainder when 208 is divided by 5.
3
Calculate the remainder when 66231 is divided by 68.
67
What is the remainder when 1219 is divided by 48?
19
Calculate the remainder when 36 is divided by 23.
13
What is the remainder when 291 is divided by 37?
32
What is the remainder when 610 is divided by 17?
15
What is the remainder when 910 is divided by 115?
105
Calculate the remainder when 14128 is divided by 90.
88
Calculate the remainder when 197 is divided by 20.
17
Calculate the remainder when 39 is divided by 12.
3
What is the remainder when 955 is divided by 81?
64
Calculate the remainder when 54 is divided by 7.
5
Calculate the remainder when 331 is divided by 119.
93
Calculate the remainder when 18052 is divided by 177.
175
What is the remainder when 298 is divided by 13?
12
Calculate the remainder when 116 is divided by 7.
4
Calculate the remainder when 126 is divided by 22.
16
What is the remainder when 37375 is divided by 21?
16
Calculate the remainder when 344 is divided by 150.
44
Calculate the remainder when 1186 is divided by 54.
52
What is the remainder when 6558 is divided by 436?
18
What is the remainder when 119 is divided by 43?
33
What is the remainder when 91 is divided by 62?
29
What is the remainder when 236 is divided by 22?
16
What is the remainder when 1114 is divided by 40?
34
Calculate the remainder when 2403 is divided by 199.
15
What is the remainder when 1281 is divided by 216?
201
What is the remainder when 328 is divided by 60?
28
What is the remainder when 784 is divided by 32?
16
Calculate the remainder when 373 is divided by 73.
8
Calculate the remainder when 547 is divided by 141.
124
What is the remainder when 506 is divided by 84?
2
Calculate the remainder when 2967 is divided by 27.
24
What is the remainder when 3991 is divided by 48?
7
What is the remainder when 274 is divided by 35?
29
Calculate the remainder when 93 is divided by 61.
32
What is the remainder when 24 is divided by 15?
9
Calculate the remainder when 771 is divided by 43.
40
Calculate the remainder when 3915 is divided by 11.
10
Calculate the remainder when 224 is divided by 6.
2
What is the remainder when 266 is divided by 67?
65
What is the remainder when 249 is divided by 28?
25
Calculate the remainder when 116 is divided by 21.
11
What is the remainder when 102 is divided by 35?
32
What is the remainder when 4415 is divided by 12?
11
What is the remainder when 40795 is divided by 255?
250
Calculate the remainder when 550 is divided by 7.
4
Calculate the remainder when 5109 is divided by 10.
9
Calculate the remainder when 96 is divided by 18.
6
Calculate the remainder when 472 is divided by 124.
100
What is the remainder when 20 is divided by 6?
2
Calculate the remainder when 2987 is divided by 13.
10
Calculate the remainder when 1346 is divided by 586.
174
Calculate the remainder when 921 is divided by 427.
67
Calculate the remainder when 416 is divided by 14.
10
Calculate the remainder when 2644 is divided by 63.
61
Calculate the remainder when 4193 is divided by 25.
18
Calculate the remainder when 137 is divided by 84.
53
What is the remainder when 16092 is divided by 161?
153
Calculate the remainder when 32 is divided by 9.
5
Calculate the remainder when 346 is divided by 29.
27
Calculate the remainder when 36 is divided by 11.
3
Calculate the remainder when 1105 is divided by 59.
43
What is the remainder when 232 is divided by 117?
115
Calculate the remainder when 958 is divided by 137.
136
Calculate the remainder when 406 is divided by 37.
36
Calculate the remainder when 2009 is divided by 28.
21
Calculate the remainder when 1194 is divided by 156.
102
What is the remainder when 284 is divided by 11?
9
What is the remainder when 2294 is divided by 760?
14
What is the remainder when 1506 is divided by 155?
111
Calculate the remainder when 66 is divided by 27.
12
What is the remainder when 66 is divided by 17?
15
What is the remainder when 1466 is divided by 465?
71
Calculate the remainder when 61 is divided by 38.
23
Calculate the remainder when 338 is divided by 47.
9
What is the remainder when 49 is divided by 28?
21
What is the remainder when 1246 is divided by 78?
76
Calculate the remainder when 625 is divided by 11.
9
Calculate the remainder when 309 is divided by 100.
9
What is the remainder when 222 is divided by 42?
12
Calculate the remainder when 41 is divided by 22.
19
Calculate the remainder when 76 is divided by 37.
2
Calculate the remainder when 749 is divided by 25.
24
Calculate the remainder when 37 is divided by 37.
0
Calculate the remainder when 21 is divided by 4.
1
Calculate the remainder when 139 is divided by 22.
7
Calculate the remainder when 5370 is divided by 256.
250
Calculate the remainder when 107 is divided by 28.
23
Calculate the remainder when 111 is divided by 30.
21
What is the remainder when 3949 is divided by 19?
16
What is the remainder when 491 is divided by 31?
26
Calculate the remainder when 4675 is divided by 60.
55
Calculate the remainder when 465 is divided by 6.
3
Calculate the remainder when 8258 is divided by 96.
2
Calculate the remainder when 58 is divided by 15.
13
What is the remainder when 1722 is divided by 133?
126
What is the remainder when 1168 is divided by 9?
7
What is the remainder when 141 is divided by 29?
25
What is the remainder when 275 is divided by 14?
9
Calculate the remainder when 2346 is divided by 168.
162
Calculate the remainder when 120 is divided by 21.
15
What is the remainder when 130 is divided by 38?
16
What is the remainder when 4462 is divided by 281?
247
Calculate the remainder when 43 is divided by 22.
21
What is the remainder when 25 is divided by 14?
11
Calculate the remainder when 42 is divided by 21.
0
Calculate the remainder when 159 is divided by 28.
19
What is the remainder when 2767 is divided by 81?
13
What is the remainder when 662 is divided by 162?
14
What is the remainder when 412 is divided by 27?
7
What is the remainder when 1380 is divided by 24?
12
Calculate the remainder when 216 is divided by 7.
6
Calculate the remainder when 217 is divided by 76.
65
Calculate the remainder when 357 is divided by 10.
7
Calculate the remainder when 2643 is divided by 333.
312
Calculate the remainder when 4520 is divided by 14.
12
What is the remainder when 14337 is divided by 67?
66
What is the remainder when 726 is divided by 151?
122
What is the remainder when 196 is divided by 105?
91
What is the remainder when 211 is divided by 207?
4
What is the remainder when 827 is divided by 82?
7
Calculate the remainder when 465 is divided by 10.
5
Calculate the remainder when 209 is divided by 14.
13
What is the remainder when 50 is divided by 42?
8
Calculate the remainder when 170 is divided by 86.
84
Calculate the remainder when 72 is divided by 64.
8
What is the remainder when 47 is divided by 11?
3
What is the remainder when 217 is divided by 2?
1
Calculate the remainder when 66 is divided by 14.
10
What is the remainder when 260 is divided by 33?
29
What is the remainder when 4459 is divided by 1486?
1
What is the remainder when 115 is divided by 58?
57
Calculate the remainder when 177 is divided by 7.
2
Calculate the remainder when 219 is divided by 10.
9
What is the remainder when 474 is divided by 88?
34
Calculate the remainder when 3378 is divided by 38.
34
Calculate the remainder when 574 is divided by 56.
14
Calculate the remainder when 399 is divided by 13.
9
What is the remainder when 89 is divided by 49?
40
Calculate the remainder when 360 is divided by 148.
64
Calculate the remainder when 499 is divided by 1.
0
Calculate the remainder when 1600 is divided by 7.
4
Calculate the remainder when 390 is divided by 41.
21
Calculate the remainder when 967 is divided by 465.
37
What is the remainder when 422 is divided by 53?
51
What is the remainder when 38 i